ist the prime factors of (1/(-2) - 0)*p/15.
5, 13
Suppose 0 = -3*a + 5*v - 25, 0 = 3*a - 6*a + 4*v - 23. List the prime factors of (-1486)/a + (-11)/55.
3, 11
Let l(d) = -d**2 + 10*d + 96. Let m be l(16). Suppose m = t + x - 147, -x - 4*x = t - 131. List the prime factors of t.
151
Let o(r) be the third derivative of -r**4/6 + 97*r**3/6 + 2*r**2 + 40. List the prime factors of o(-20).
3, 59
Let f = -88 - -90. What are the prime factors of f + -6 - -8 - -352?
2, 89
Let p(v) = -2*v**3 - 35*v**2 - 122*v - 300. List the prime factors of p(-32).
2, 3, 5, 37
Let s be 0/24*(-2)/4. Suppose s = -32*z + 24*z + 1568. What are the prime factors of z?
2, 7
What are the prime factors of 10554 + (-4)/(4/(-2)) - (0 - 4)?
2, 3, 5, 11
Let u(g) = -9*g - 59. Let z be u(-23). List the prime factors of z/9 + (2 - 22/9).
2
What are the prime factors of (-6 - -26 - 194)/(3/(-394))?
2, 29, 197
Let m(r) = -67*r - 53. Let h be m(-8). Let d = h - 266. What are the prime factors of d?
7, 31
Let f(y) = 3281*y - 3539. What are the prime factors of f(21)?
2, 11, 2971
Let c be 2/(64/96*(-3)/(-2)). Suppose 0 = -2*s + 6, -c*s - 729 = -o - 7*s. List the prime factors of o.
2, 3, 7, 17
Suppose -3*j - h = -4, -h + 2*h = 2*j - 11. Suppose -4*q = -3*t + 8*t - 23, 0 = -3*t - q + 11. What are the prime factors of 2/j + 238/t?
2, 5
Suppose -2*w + 13894 = 16*v - 15*v, -2*w - 55516 = -4*v. List the prime factors of v.
2, 11, 631
Suppose 5*t - 81912 = -2*u + 41922, 0 = 5*t + 20. What are the prime factors of u?
61927
Let x(t) = 3*t**3 - 7*t**2 - 9*t + 86. Let q be -6 + (728/(-234))/(4/(-18)). What are the prime factors of x(q)?
2, 19, 29
Let a(t) be the first derivative of -20 + 11/3*t**3 - 12*t + 3/2*t**2. What are the prime factors of a(3)?
2, 3
Suppose -4*d - d - 25 = 0. Let l be d/20 + (-34)/(-8). Suppose 0 = -4*c - l*b + 572, 3*c - c + b = 282. What are the prime factors of c?
139
Suppose -35*n = -46*n. Let h(l) = 20*l**3 - l**2 + l. Let y be h(1). List the prime factors of (n + (-24)/10)/((-6)/y).
2
Suppose -5*p + 15 = -2*l, -3*l + 1 = -14. Let u(b) = -5*b**3 - 4*b**2 - 10*b**3 + p*b**2 - 11*b**3 - 4. List the prime factors of u(-2).
2, 13
Suppose -3*z + 6*z - 3 = -5*q, 2*q + 4*z + 10 = 0. Suppose -q*i + 342 = 3*x, 4*x = -14 - 2. What are the prime factors of i?
2, 59
Let m be (-1 - 0) + 1 + 48/8. What are the prime factors of 4 - (m - 7)*(-3 + 800)?
3, 89
Let q be ((-36)/42)/(6/(-28)). Suppose 2*o - q*o = -3*a + 1608, 5*a - 2664 = -2*o. What are the prime factors of a?
2, 3, 89
Let f = 16570 + -13328. List the prime factors of f.
2, 1621
Let s be (-1)/14*-2 - (-912)/84. Suppose 178 = s*m - 1153. List the prime factors of m.
11
Suppose 5*p + 220 = 3*y + 49, 5*y + 3*p - 285 = 0. Suppose 0 = -y*v + 61*v - 1124. What are the prime factors of v?
281
Suppose 19*l + 66 = 30*l. Let o(r) = 2*r**2 + 37*r - 198. What are the prime factors of o(l)?
2, 3
List the prime factors of 15*7/63 - (-41042)/6.
2, 11, 311
What are the prime factors of ((-2186)/((-2)/1))/(120/1440)?
2, 3, 1093
Suppose -3*u + 2*m - m = -10, -22 = -5*u - m. Suppose 4*x + 5*d + 1059 = 0, -u*x + x + 5*d - 768 = 0. List the prime factors of 11/(-44) + x/(-4).
5, 13
Let b(x) be the second derivative of x**5/20 + x**4/12 + x**3/3 + x**2 + 5*x + 18. Suppose 4 = -2*v + 3*a - 2, -v - 6 = -3*a. List the prime factors of b(v).
2
Suppose 640*s - 195289 = 635*s + l, l + 78118 = 2*s. What are the prime factors of s?
3, 47, 277
Suppose -3974*r + 3978*r - 123772 = 0. What are the prime factors of r?
11, 29, 97
Suppose n - 3*a = -2*a, 0 = 4*n - 5*a + 2. Suppose r - 2*r + 4 = 0. Suppose 282 = n*q + 5*o, q = -r*q - 5*o + 735. What are the prime factors of q?
151
Let v be (1 + (1 - 14))*(-135)/6. Suppose -5*i = 2*w + 3*w + v, 2*w + 167 = -3*i. Let g = i - -64. List the prime factors of g.
5
Let g(q) = 11526*q - 612. What are the prime factors of g(3)?
2, 3, 17, 37
Suppose 99*h - 23*h - 4432797 = -47*h. List the prime factors of h.
3, 41, 293
Let v be (4/12)/((-2)/(-18)). Suppose v*q - d = 2*q + 5, -q + 5*d - 7 = 0. List the prime factors of -4*(-15)/3*q/10.
2
Let a(x) = -x**3 + 18*x**2 + 65*x - 38. Let g be a(21). Suppose 1872 = 2*c - 2*p, -5*p + 1665 = g*c - 2115. List the prime factors of c.
2, 5, 47
Suppose 8496*s - 5208 = 8494*s. List the prime factors of s.
2, 3, 7, 31
What are the prime factors of (-9 + (-66)/(-6))/((-1)/(-290))?
2, 5, 29
Suppose 0 = -46*u + 45*u + 110. Suppose 50 - u = -4*i. Suppose i*c = -5*c + 1060. List the prime factors of c.
53
Let a(s) = -2*s**2 - 9*s - 12. Let y(r) = r**2 + 4*r + 6. Let z(q) = 4*a(q) + 9*y(q). Suppose 11*f = 6*f - 40. What are the prime factors of z(f)?
2, 5, 7
Let m = -24 + 28. Suppose -2*b - m*i + 304 = -b, 3*b + 2*i - 942 = 0. Suppose 2*r = 4*r - 2*c - b, 5*c - 5 = 0. List the prime factors of r.
3, 53
Let r(j) = 2*j**3 - 16*j**2 - 2*j + 30. What are the prime factors of r(10)?
2, 5, 41
Suppose t - 12187 = -n, -15*n - 36566 = -18*n + 2*t. List the prime factors of n.
2, 11, 277
Let i(f) be the third derivative of 5*f**4/24 - 23*f**3/6 - 18*f**2. Let k be i(7). Suppose 16*l - k*l = 132. What are the prime factors of l?
3, 11
Let t = 2938 - 2924. Let p = -29 - -52. Let u = p + t. What are the prime factors of u?
37
Let l = 9646 + 12691. List the prime factors of l.
7, 3191
Let q = -5970 - -10962. What are the prime factors of q?
2, 3, 13
Suppose 5*m + 2*m - 133 = 0. Let c(a) = a - 23. Let i be c(m). What are the prime factors of (59/(-2) + -2)/(2/i)?
3, 7
Let y = -513 + 995. What are the prime factors of y?
2, 241
Let j be (-6195)/6*(-24)/15. Let t = j + -450. What are the prime factors of t?
2, 601
Suppose -126*m - 137*m - 140*m = -10184213. List the prime factors of m.
37, 683
Suppose 10*s - 5 = 5. Let u(y) be the third derivative of 65*y**4/6 + 5*y**3/6 - 26*y**2. List the prime factors of u(s).
5, 53
What are the prime factors of (-14 - 319802/(-28))*(-2)/(-3)?
3, 5, 13
List the prime factors of 19561178/1449 - (-2)/9.
2, 3, 5
Suppose -2*d = -u + 27431, -4*u - 3*d = -38283 - 71364. List the prime factors of u.
3, 13, 19, 37
Let r(w) = -60*w**2 + 5*w + 53. Let b(l) = 59*l**2 - 8*l - 54. Let v(n) = -4*b(n) - 5*r(n). List the prime factors of v(4).
17, 59
Suppose 5*h - 48 = -h. Suppose h*c = 11*c - 63. What are the prime factors of c?
3, 7
Suppose g = -3*y + 42000 - 8560, 22300 = 2*y - g. Suppose 15*i = y + 4332. List the prime factors of i.
2, 3, 43
Suppose 9*g + 3654 = 51*g. Let n = g - -1076. List the prime factors of n.
1163
What are the prime factors of (2/8)/(3/(-24)) + 43788/2?
2, 13, 421
Suppose -25*d + 19*d + 24 = 0. Suppose 2*l = -0*m - d*m + 474, -209 = -l + 5*m. What are the prime factors of l?
229
Suppose 5*z - 79519 = 4*l, -130*l + 132*l = 4*z - 63620. What are the prime factors of z?
15907
Suppose 0 = -4*y + 19 - 11. Let o = y - -49. Suppose v - 130 + o = 0. List the prime factors of v.
79
Let k(d) = -126*d - 1619. List the prime factors of k(-78).
8209
Suppose 387*n - 6275197 = -1396288. What are the prime factors of n?
7, 1801
Let b be 3*17/(306/24). Suppose -b*k - 4*w = -3276, -w + 818 = k + w. What are the prime factors of k?
2, 5, 41
Let v be (-4)/(-1) + (-35 - -28). What are the prime factors of v*(-3 + 4865/(-21))?
2, 11
Let g be (-1 + -1 - -2)*1. Let i(m) be the first derivative of -m**4/4 - m**3/3 + 19*m + 139. List the prime factors of i(g).
19
Let y(a) = 1878*a + 135. List the prime factors of y(8).
3, 31, 163
Let d = -2 - -6. Suppose -d*n + 83 = -101. Let x = 7 + n. List the prime factors of x.
53
Let q(o) be the first derivative of o**4/4 + 32*o**3/3 - 38*o**2 + 45*o - 32. What are the prime factors of q(-34)?
317
What are the prime factors of (14 - (-1040)/(-32))*2*-10?
2, 5, 37
Suppose 4*v + 5*k - 12 = 15, -v - 4*k + 15 = 0. List the prime factors of (2/v)/(16/72).
3
Suppose -5*a + 4 - 28 = -s, -12 = -a - 4*s. List the prime factors of a/(-8) + 1762/4.
3, 7
Let j be 5 - (15/(-10) + (-78)/(-12)). Suppose 12 + 43 = o + 4*s, 5*o - 251 = 4*s. Let g = o + j. List the prime factors of g.
3, 17
Suppose 3*f = 10*f. Let l(v) = f*v - 4 + 14 + v. What are the prime factors of l(-3)?
7
Let f(c) = 3*c**3 + 16*c**2 - 10*c - 10. Let b(q) = -4*q**3 - 17*q**2 + 8*q + 8. Let v(n) = -2*b(n) - 3*f(n). What are the prime factors of v(-18)?
2, 23
Suppose 57*t - 52*t = 2*h + 42216,